ivide 845222840?
True
Does 363 divide 5527764?
True
Does 22 divide 120774610?
True
Is 40506127 a multiple of 1163?
True
Is 423 a factor of 521441226?
False
Is 344664375 a multiple of 10?
False
Is 20 a factor of 2765717460?
True
Is 42212029 a multiple of 2161?
False
Is 1134 a factor of 48790872?
False
Is 340 a factor of 97791820?
True
Is 5 a factor of 352309710?
True
Does 1059 divide 55115655?
True
Is 531 a factor of 1613709?
True
Does 873 divide 18826245?
True
Is 216921056 a multiple of 985?
False
Is 172115566 a multiple of 266?
True
Is 540811156 a multiple of 796?
True
Is 2831221225 a multiple of 575?
True
Does 4771 divide 2473009682?
True
Is 465911844 a multiple of 57?
True
Does 31 divide 5082931?
False
Is 1888967626 a multiple of 7307?
False
Is 11565304 a multiple of 68?
True
Does 41 divide 38970172?
True
Is 4631699462 a multiple of 4698?
False
Does 158 divide 7223444?
True
Does 31 divide 6115711?
True
Is 1956618609 a multiple of 77?
False
Is 3112416033 a multiple of 3478?
False
Does 35 divide 954118913?
False
Is 4934 a factor of 430208486?
False
Is 395156718 a multiple of 1061?
True
Is 926 a factor of 365761358?
False
Does 146 divide 383107504?
True
Is 77975858 a multiple of 7?
False
Is 4 a factor of 4734449?
False
Does 286 divide 244067824?
True
Is 11 a factor of 151669265?
True
Does 381 divide 167639619?
True
Does 546 divide 2270785062?
True
Is 326279772 a multiple of 39?
True
Is 28491370 a multiple of 18?
False
Is 2463 a factor of 27723528?
True
Does 56 divide 10808097?
False
Does 2511 divide 103504337?
False
Is 435121149 a multiple of 3831?
True
Does 41 divide 29845540?
True
Does 6 divide 6394848?
True
Is 26 a factor of 835978?
True
Does 9 divide 14895180?
True
Is 27722733 a multiple of 10?
False
Is 189296010 a multiple of 58?
False
Is 339 a factor of 48991263?
True
Is 46 a factor of 4765262102?
False
Does 36 divide 296119108?
False
Does 462 divide 1811247996?
False
Does 1324 divide 77698301?
False
Is 74756693 a multiple of 667?
True
Is 4605974679 a multiple of 117?
False
Is 965643886 a multiple of 15?
False
Does 139 divide 46697415?
False
Is 191 a factor of 2128364624?
False
Is 27 a factor of 399702276?
True
Is 442175764 a multiple of 5252?
False
Does 1351 divide 242278053?
False
Does 607 divide 37617319?
False
Does 1300 divide 49382296?
False
Is 2068 a factor of 267491664?
True
Does 12 divide 674029380?
True
Is 574 a factor of 595801094?
True
Is 3 a factor of 152870642?
False
Is 4 a factor of 21883564?
True
Is 861 a factor of 543503775?
False
Is 1318616274 a multiple of 57?
False
Is 25367604 a multiple of 3?
True
Is 582 a factor of 144398092?
False
Does 3 divide 3101261?
False
Is 3057996 a multiple of 99?
False
Is 56 a factor of 12933352?
False
Is 15073880 a multiple of 79?
False
Is 156414622 a multiple of 1346?
True
Is 340 a factor of 1709609?
False
Does 62 divide 4005080?
False
Is 9 a factor of 1958610245?
False
Is 143110708 a multiple of 1508?
True
Is 361287360 a multiple of 96?
True
Is 8689412 a multiple of 303?
False
Is 220 a factor of 2705932243?
False
Is 12950578 a multiple of 43?
False
Is 43540909 a multiple of 404?
False
Is 44 a factor of 11899360?
True
Does 88 divide 1511927648?
True
Is 788743 a multiple of 81?
False
Does 2644 divide 1078721461?
False
Does 31 divide 55149930?
True
Is 351559468 a multiple of 327?
False
Is 234073259 a multiple of 4?
False
Does 53 divide 12998845?
False
Is 64 a factor of 5037793?
False
Is 112 a factor of 57812487?
False
Is 168808824 a multiple of 323?
False
Is 68692406 even?
True
Is 971 a factor of 68227315?
True
Does 1400 divide 40950000?
True
Is 252 a factor of 131908644?
True
Is 180 a factor of 15625285?
False
Is 673528 a multiple of 3?
False
Is 785025495 a multiple of 9?
True
Does 57 divide 278759469?
True
Is 420 a factor of 993339579?
False
Is 14774865 a multiple of 648?
False
Is 483336 a multiple of 72?
True
Is 401 a factor of 179674718?
False
Is 138834680 a multiple of 10?
True
Is 259706134 a multiple of 5074?
False
Does 233 divide 82439656?
False
Is 53871085 a multiple of 7?
False
Does 13 divide 5965544?
True
Is 51746183 a multiple of 2062?
False
Does 191 divide 1393573752?
False
Is 139093377 a multiple of 12?
False
Is 35066192 a multiple of 4?
True
Is 2 a factor of 60581053?
False
Is 91 a factor of 21761236?
False
Is 1515 a factor of 904465881?
False
Does 3 divide 362742?
True
Is 87740 a multiple of 214?
True
Does 16 divide 52374466?
False
Is 83 a factor of 143255466?
False
Does 23 divide 5313018653?
True
Does 171 divide 96235893?
True
Is 12 a factor of 1467301724?
False
Is 37130400 a multiple of 45?
True
Is 5054 a factor of 233263662?
False
Does 1357 divide 36470732?
True
Is 39 a factor of 199486196?
False
Does 70 divide 79610230?
True
Does 11 divide 7723129?
False
Is 15098186 a multiple of 14?
False
Is 47056295 a multiple of 1705?
True
Does 45 divide 40775323?
False
Is 247 a factor of 16461068?
True
Is 1270874389 a multiple of 30?
False
Is 7 a factor of 54230512?
True
Is 5 a factor of 1144367545?
True
Is 736 a factor of 4993024?
True
Does 595 divide 41795660?
False
Is 131 a factor of 435136805?
True
Is 249 a factor of 22932260?
False
Does 1204 divide 332067678?
False
Does 9 divide 29284902?
True
Does 164 divide 433285896?
False
Is 582 a factor of 1453435281?
False
Does 6 divide 164613744?
True
Is 45 a factor of 15159690?
True
Is 16618407 a multiple of 57?
True
Is 2634311226 a multiple of 198?
False
Is 1501 a factor of 39473298?
True
Does 1206 divide 42327251?
False
Does 191 divide 1907417?
False
Is 2100 a factor of 228091345?
False
Does 455 divide 70329350?
True
Does 13 divide 11092289?
True
Is 1362 a factor of 822639377?
False
Is 8187316 even?
True
Is 36806163 a multiple of 57?
False
Does 11 divide 3576094?
False
Does 145 divide 606444609?
False
Is 13 a factor of 45222204?
False
Does 113 divide 22109308?
False
Does 2101 divide 79470325?
True
Does 1073 divide 1147078847?
True
Does 22 divide 7565254951?
False
Is 6 a factor of 1324500678?
True
Is 1381738556 a multiple of 44?
True
Is 1397 a factor of 33488992?
False
Is 11 a factor of 566448508?
False
Is 401698396 a multiple of 57?
False
Does 1034 divide 24874456?
False
Is 21291400 a multiple of 52?
True
Does 103 divide 1009602498?
True
Is 32088036 a multiple of 145?
False
Does 71 divide 66618945?
True
Is 10500319 a multiple of 309?
False
Is 816 a factor of 516166512?
True
Is 5 a factor of 3107255?
True
Is 46023964 a multiple of 21?
False
Does 66 divide 871740402?
False
Is 1084897980 a multiple of 5?
True
Is 53 a factor of 55049563?
True
Does 206 divide 24362491?
False
Is 818660430 a multiple of 261?
True
Does 258 divide 28442051?
False
Is 3539354366 a multiple of 4548?
False
Is 600934915 a multiple of 5?
True
Is 2986166635 a multiple of 20?
False
Is 1554837302 a multiple of 31?
True
Is 940119250 a multiple of 1610?
True
Is 5 a factor of 12963985?
True
Is 2957120870 a multiple of 147?
False
Is 16149726 a multiple of 414?
True
Is 650 a factor of 26158210?
False
Is 189 a factor of 45185015?
False
Is 98162784 a multiple of 3488?
True
Is 415817531 a multiple of 3833?
False
Is 21 a factor of 13533635?
False
Is 805577939 a multiple of 919?
True
Is 61158 a multiple of 198?
False
Is 2622703911 a multiple of 12?
False
Is 47 a factor of 35249145?
False
Does 281 divide 688783547?
True
Is 27 a factor of 1248006528?
True
Is 30 a factor of 1155026967?
False
Is 1749938890 a multiple of 4145?
False
Does 43 divide 33112838?
True
Is 72274624 a multiple of 1096?
True
Is 760034327 a multiple of 6?
False
Does 13 divide 192399012?
True
Is 8718886 a multiple of 135?
False
Does 214 divide 583708968?
True
Is 118 a factor of 31156642?
False
Does 3 divide 649641351?
True
Is 386691844 a multiple of 77?
True
Is 2666780351 a multiple of 50?
False
Is 657 a factor of 68260080?
False
Is 5022004 a multiple of 17?
True
Is 107 a factor of 81307053?
True
Is 64 a factor of 305279232?
True
Is 185 a factor of 2834287?
False
Is 246901656 a multiple of 38?
True
Is 11266497 a multiple of 33?
True
Does 1436 divide 109569955?
False
Does 2 divide 16982795?
False
Is 1550450021 a multiple of 3027?
False
Does 16 divide 16871840?
True
Is 264 a factor of 1128881037?
False
Does 10 divide 5466730?
True
Is 73164763 a multiple of 3?
False
Is 12473418 a multiple of 9?
False
Is 337982295